(s) = 6*s**2 + 10*s - 207. Let j(q) = -7*q**2 - 10*q + 241. Let i(m) = -5*j(m) - 6*n(m). Calculate i(-13).
-2
Let r(l) be the first derivative of l**3/3 + 9*l**2/2 + 6*l + 3. Let t be (-4 + (4 - 1))*7. Give r(t).
-8
Suppose -18*f + 13*f - 31 = -j, 8 = -f + 2*j. Let s(w) = 11*w + 57. Determine s(f).
-9
Let d(x) = 88*x - 355. Let l(j) = 49*j - 178. Let o(k) = 4*d(k) - 7*l(k). Give o(18).
-12
Let m(j) = 0*j**3 - j**3 - 400*j**2 - 402*j**2 - 12 + 15*j - 16*j + 791*j**2. Let g be (11/3 + 0)*-3. Determine m(g).
-1
Let a(u) be the second derivative of u**3/6 + 13*u**2 - 2735*u. Let o be 35/(-3) + 16/24. Determine a(o).
15
Let i be 81/9 + 2*-2. Let a(s) be the first derivative of -1/4*s**4 + 6*s - 39 + 4/3*s**3 + 3/2*s**2. What is a(i)?
-4
Let l(w) be the second derivative of -w**4/24 - 5*w**3/6 - 35*w**2/2 + w + 20. Let c(j) be the first derivative of l(j). Calculate c(4).
-9
Let s(q) = -4 + 21 - 5 - 23*q - 11 - 9. Calculate s(0).
-8
Let p = -57 + 60. Let m(w) = -8*w + 12*w - 2*w - p. Let j be -4 + (-9)/(-2) + 6/4. Give m(j).
1
Suppose 3*b + 23 = -4*w + 62, 4*w - b = 19. Let g(z) = -18*z**2 + 5*z - w*z - 2*z + 1 + 2*z. Calculate g(1).
-18
Let f(j) = -3*j - j - 10*j - 6 + 4*j. Let n(x) = -3*x - 2. Let c(q) = 2*f(q) - 7*n(q). Suppose -2*k - 3*k = 15. Calculate c(k).
-1
Let x(b) = b**3 - 42*b**2 - 37*b**2 + 6 + 134*b**2 - 49*b**2 + 7*b. Let m = -83 + 78. Calculate x(m).
-4
Let p(x) be the second derivative of 1/20*x**5 + 7 - 1/2*x**2 + 1/2*x**3 + 7/12*x**4 + x. What is p(-6)?
17
Let z(t) = -t**2 + t - 3. Let v be z(-6). Let w = -51 - v. Let l(q) = q**2 + 5*q - 6. What is l(w)?
0
Let a be (7/21)/((-8)/120). Let n(k) = k**3 + 4*k**2 - 9*k - 8. What is n(a)?
12
Let f be 8 + (2 + -1)*-1. Let g(k) = 5*k - 11. Let q(l) = 6*l - 12. Suppose 0 = -2*b - 19 + 27. Let m(i) = b*g(i) - 3*q(i). Give m(f).
6
Let k be 2/1*9/(-6)*1. Let r be ((-42)/28)/(3/(-54)*k). Let d(g) = -g**3 - 9*g**2 - 4*g - 11. What is d(r)?
25
Suppose 3*n + 2*t + 43 = 0, 4*n + 5*t + 45 = -3. Let s(y) = y - 5. Calculate s(n).
-22
Let z(f) = -3*f**2 - 5*f**2 - 23*f + 8 + 7*f**2. Let x be z(-23). Let a(w) = w**2 - 9*w + 8. Determine a(x).
0
Suppose -58*m + 53 + 5 = 0. Suppose 3*j + 5*o = 10, 6 = 4*o - 2. Let r(h) = j + 4 - 2 - 2*h + m. What is r(-3)?
9
Let u(d) be the second derivative of d**4/4 + d**3/2 - d**2 - 61*d. Suppose 44*p = 43*p - 3. What is u(p)?
16
Let w(v) = v**3 + 7*v**2 + v - 1. Suppose -3*g + 16 = -4*g. Let k(s) be the second derivative of s**3/6 + 9*s**2/2 + 16*s + 1. Let a be k(g). Give w(a).
-8
Let m(a) = -a**3 + 6*a**2 + 9*a + 9. Let p be 8 + -8 + -6 + 9. Suppose -p*s - 12 = -4*s - 4*o, -5*s + o + 39 = 0. What is m(s)?
-47
Suppose 4*d - 16 = 0, -4*y + 4*d - 274 = -5*y. Let t = 257 - y. Let n(k) = 10*k**3 + k**2 + k. What is n(t)?
-10
Let w(n) = -18*n - 20. Suppose 6*q = 7*q - 3*i - 10, i = -5. Give w(q).
70
Let h = 32 - 34. Let p(o) = -1008 + 503 + 502 - 3*o + 4*o**2. What is p(h)?
19
Suppose d = -5*x + 35, 211*x = -5*d + 206*x + 35. Let c(i) be the third derivative of -1/24*i**4 + 3/2*i**3 + d - 12*i**2 + 0*i. What is c(11)?
-2
Let c(n) = 48*n**3 - n**2 - n + 2. Let p(r) = r**3 - 1. Suppose -7*l = -2*l - 10. Let m(d) = l*p(d) + c(d). Calculate m(-1).
-50
Suppose -14*r + 367 = -543. Suppose 82 = p + r. Let d(t) = -t + 5. What is d(p)?
-12
Let s = 14 - 21. Let k = s + 3. Let n(w) = -12*w - 20*w + 50*w - 17*w + 2. Determine n(k).
-2
Let f(a) be the first derivative of a**3/3 + 2*a**2 + 3*a + 90828. Let g(h) = h**3 + h**2 - 2. Let v be g(0). Calculate f(v).
-1
Let z(g) = -11 + 2*g - 4 + 19. Let m = 92 - 50. Suppose -19*j = -13*j + m. Give z(j).
-10
Let l(d) = -d**2 - 9*d + 16. Let g(u) = -41*u - 2621. Let q be g(-64). Determine l(q).
-20
Suppose 2 = -q - 3*a, -6*a = -2*q - 3*a - 49. Let y(o) = -o**3 - 19*o**2 - 34*o + 31. What is y(q)?
31
Let k(z) = z**3 - 11*z**2 - 12*z - 8. Suppose 4*u = 119*u - 1380. Give k(u).
-8
Let i(o) = -5 - 4*o + 6 + 10*o**3 + 2 + 0*o - 9*o**3 - 5*o**2. Give i(6).
15
Let r(a) = 3*a**3 + 24*a**2 + a + 8. Let q be r(-8). Let x(k) be the second derivative of 0*k**3 + 0 + 7*k**2 - k - 1/12*k**4. Determine x(q).
14
Suppose 18*j + 24 = 21*j. Let f(s) = 740*s - 17 + 744*s - 1482*s. Calculate f(j).
-1
Let o(p) = -p - 5. Let y be -1 + 2 - (-2 - -3) - 3. Let s be (y/9)/((-8)/(-120)). Give o(s).
0
Let t(l) = -l**3 - l**2 + l - 9. Let w(y) = -3*y + 183. Let d be w(-14). Let q = 225 - d. Determine t(q).
-9
Let z(b) = 4 + b - 2486*b**2 + 1247*b**2 + 1246*b**2 - 2 + 0*b. Give z(-2).
28
Let i be 3 - (3/(-9) - 8/(-6)). Suppose -7*h = -h - i*h. Suppose -5*p + 2*p - 6 = h. Let f(z) = 4*z**2 + 2*z + 2. Determine f(p).
14
Let v(l) = -4*l**3 + 8*l**2 - 6*l + 2. Suppose 5*t = 3*s, -373*t = -369*t - 2*s - 2. What is v(t)?
-52
Let s(x) = x**3 - x**2 - 13*x - 2. Let z(w) = 17*w**3 - 2*w**2 - 250*w - 18. Let f(p) = 18*s(p) - z(p). Let c(d) = 3*d - 6. Let r be c(7). Determine f(r).
-3
Let h(u) = -93*u - 469. Suppose 6*z = 38*z + 160. Give h(z).
-4
Let x(p) = -p + 19. Let g be (19/(-12)*-3)/(15/60). Suppose -152 = -g*k + 11*k. Give x(k).
0
Let n be ((-1)/7)/(16/(-32)) - 6/21. Let i(y) = y**2 - 88. Calculate i(n).
-88
Let m be (0 - (-2)/3)/(62/279). Suppose -4*a - a - 30 = -4*y, m*a = -3*y + 9. Let p(x) = -x + 12. Calculate p(y).
7
Let s(a) = 3*a + a + a**2 + 3 - 2*a. Suppose -3*f - 5*r = -r - 42, -4*f - 3*r = -49. Suppose 0 = -f*u - 1 - 29. What is s(u)?
6
Let s be 2 + 4/(-2) - -46. Let d = 447 + s. Let c(g) = 5*g**2 - g**3 + 2*g**2 + d - 4*g - 500. Determine c(6).
5
Let c(n) = n**3 - 8*n**2 + 3*n - 10. Let j(x) = x**3 - 41*x**2 + 2*x + 6*x + 48*x**2 + 19. Let v be j(-6). Determine c(v).
-38
Let s(q) = -96 + 5*q - 4*q + 20 + 19 + 28. Determine s(11).
-18
Let s(r) be the second derivative of -r**4/6 - r**3/6 + 49*r**2 + 37*r + 10. Calculate s(-7).
7
Let u(z) = -z**2 - 4*z. Let x be u(-2). Let i be (0 + -2)*6/x. Let y(g) = -2709*g**2 - 8 + 12 - 2680*g**2 + 5390*g**2 + 5*g. What is y(i)?
-2
Let u(x) = -x - 4. Let o be u(-7). Suppose -27 = -5*h - 17. Let f(r) = 4 + o*r**h - 1 + 0 - 1. Give f(-2).
14
Let f be (25*(-4 + (-22)/(-5)))/2. Let k(q) = -q**3 - 3*q + 8. Let v(r) = -r**3 - r**2 - 4*r + 9. Let p(i) = 5*k(i) - 4*v(i). What is p(f)?
-16
Suppose x - 3*b = -9, -x + b + 3*b - 14 = 0. Let k(q) = -5 - 3*q - q**3 + 5*q**2 + 6*q - x*q. Suppose -2 = 57*o - 230. Determine k(o).
-1
Let d(b) = 30*b**2 - 7. Let c(j) = 29*j**2 - 6. Let h(s) = 6*c(s) - 5*d(s). Suppose 3*y - 4*l = -5*l + 3, 0 = -4*y + 3*l + 4. What is h(y)?
23
Let w(k) be the first derivative of -k**6/120 + 3*k**5/20 + 3*k**4/8 + k**3/6 + k**2 - 25*k + 207. Let q(i) be the second derivative of w(i). Calculate q(10).
-9
Suppose -3*k = -3*a, 3*k - a - 40 = -6*a. Let v be 4 - (6 - 8) - 1 - k. Let s(t) = -t**2 + t - 24. What is s(v)?
-24
Let a(u) = -9*u**2 + 493*u + 119. Let b be a(55). Let r(d) = -1. Let q(k) = k - 3 + 4*k - 4*k. Let i(n) = q(n) + 4*r(n). What is i(b)?
2
Let u(q) = q**2 + 16*q + 5. Let w(y) = -y - 2. Let l = 695 + -698. Let i(n) = l*w(n) - u(n). Let z(s) = -6*s - 1. Let g be z(2). What is i(g)?
1
Let f(s) = -s + 1. Let b(p) = 3*p - 9*p + 2 + 4*p. Let v(c) = -b(c) + 3*f(c). Calculate v(8).
-7
Let m(i) = -i**3 + 6*i**2 + 3*i - 15. Suppose 0 = 35*x + 21*x + 74*x - 650. Determine m(x).
25
Let c(t) = 17982*t - 17977*t - 30 - 61. Determine c(19).
4
Let u be (-9)/18 + (-31)/2. Let v(x) = 3*x + 54. Let q be v(u). Let i(g) = -q*g - 4*g - 19 + 19. Give i(-1).
10
Let r = 8038 - 8044. Let u(o) be the third derivative of -o**7/5040 - 7*o**6/720 - o**5/20 + o**2. Let j(g) be the third derivative of u(g). Give j(r).
-1
Let z(g) = 61*g**2 + 17*g**3 + 11*g - 104 - 104 - 12*g**3 + 194. Calculate z(-12).
-2
Let b(n) = -6*n**3 - 2*n**2 + 6*n - 1. Let w(s) = -s**3 - s. Let l = 12 - 13. Let j(k) = l*b(k) - 4*w(k). Let t = -124 - -125. Give j(t).
11
Let u(r) = -14*r - 93. Let a be u(-7). Suppose 3*n = d + 15, 5*d + a*n + 0*n + 35 = 0. Let z(b) = 2*b - 10. What is z(d)?
-28
Let o(r) be the first derivative of 3*r**2 - 24*r + 576. What is o(7)?
18
Let g(r) = -2*r**3 + 10*r**2 + 125*r - 39. Let n(m) = -m**3 + 5*m**2 + 62*m - 21. Let q(k) = 4*g(k) - 7*n(k). Give q(11).
-9
Let x(v) = 4*v**2 - 57 + 121 - 63 + 2*v**2 + 6*v - 5*v**2. Let a(k) = -k**2 + 6*k - 5. Let t be a(5). Suppose -f - i = 0, t*i = 5*i - 25. Give x(f).
-4
Let d(f) = -4*f**3 